[INFO] cloning repository https://github.com/blandinw/batterybar
[INFO] running `Command { std: "git" "-c" "credential.helper=" "-c" "credential.helper=/workspace/cargo-home/bin/git-credential-null" "clone" "--bare" "https://github.com/blandinw/batterybar" "/workspace/cache/git-repos/https%3A%2F%2Fgithub.com%2Fblandinw%2Fbatterybar", kill_on_drop: false }`
[INFO] [stderr] Cloning into bare repository '/workspace/cache/git-repos/https%3A%2F%2Fgithub.com%2Fblandinw%2Fbatterybar'...
[INFO] running `Command { std: "git" "rev-parse" "HEAD", kill_on_drop: false }`
[INFO] [stdout] 063d8236ae4fe4917aed6a02cd1e558d356b38f2
[INFO] checking blandinw/batterybar against master#af3c6e733a40e671550e0f0f5aeecaa13772ba56 for pr-74989
[INFO] running `Command { std: "git" "clone" "/workspace/cache/git-repos/https%3A%2F%2Fgithub.com%2Fblandinw%2Fbatterybar" "/workspace/builds/worker-12/source", kill_on_drop: false }`
[INFO] [stderr] Cloning into '/workspace/builds/worker-12/source'...
[INFO] [stderr] done.
[INFO] validating manifest of git repo https://github.com/blandinw/batterybar on toolchain af3c6e733a40e671550e0f0f5aeecaa13772ba56
[INFO] running `Command { std: "/workspace/cargo-home/bin/cargo" "+af3c6e733a40e671550e0f0f5aeecaa13772ba56" "read-manifest" "--manifest-path" "Cargo.toml", kill_on_drop: false }`
[INFO] started tweaking git repo https://github.com/blandinw/batterybar
[INFO] finished tweaking git repo https://github.com/blandinw/batterybar
[INFO] tweaked toml for git repo https://github.com/blandinw/batterybar written to /workspace/builds/worker-12/source/Cargo.toml
[INFO] crate git repo https://github.com/blandinw/batterybar already has a lockfile, it will not be regenerated
[INFO] running `Command { std: "/workspace/cargo-home/bin/cargo" "+af3c6e733a40e671550e0f0f5aeecaa13772ba56" "fetch" "--locked" "--manifest-path" "Cargo.toml", kill_on_drop: false }`
[INFO] [stderr]     Blocking waiting for file lock on package cache
[INFO] [stderr]     Blocking waiting for file lock on package cache
[INFO] running `Command { std: "docker" "create" "-v" "/var/lib/crater-agent-workspace/builds/worker-12/target:/opt/rustwide/target:rw,Z" "-v" "/var/lib/crater-agent-workspace/builds/worker-12/source:/opt/rustwide/workdir:ro,Z" "-v" "/var/lib/crater-agent-workspace/cargo-home:/opt/rustwide/cargo-home:ro,Z" "-v" "/var/lib/crater-agent-workspace/rustup-home:/opt/rustwide/rustup-home:ro,Z" "-e" "SOURCE_DIR=/opt/rustwide/workdir" "-e" "CARGO_TARGET_DIR=/opt/rustwide/target" "-e" "CARGO_HOME=/opt/rustwide/cargo-home" "-e" "RUSTUP_HOME=/opt/rustwide/rustup-home" "-w" "/opt/rustwide/workdir" "-m" "1610612736" "--user" "0:0" "--network" "none" "rustops/crates-build-env@sha256:d92eaeed33fa75130ca1ee6c8a01d1ffb62bac859dfdfb3450e3e5d1c0146529" "/opt/rustwide/cargo-home/bin/cargo" "+af3c6e733a40e671550e0f0f5aeecaa13772ba56" "metadata" "--no-deps" "--format-version=1", kill_on_drop: false }`
[INFO] [stdout] bb6f43b743442479d5c5f055813ff8c580e43b6a47b4462e1894c53c0c9c8cf8
[INFO] [stderr] WARNING: Your kernel does not support swap limit capabilities or the cgroup is not mounted. Memory limited without swap.
[INFO] running `Command { std: "docker" "start" "-a" "bb6f43b743442479d5c5f055813ff8c580e43b6a47b4462e1894c53c0c9c8cf8", kill_on_drop: false }`
[INFO] running `Command { std: "docker" "inspect" "bb6f43b743442479d5c5f055813ff8c580e43b6a47b4462e1894c53c0c9c8cf8", kill_on_drop: false }`
[INFO] running `Command { std: "docker" "rm" "-f" "bb6f43b743442479d5c5f055813ff8c580e43b6a47b4462e1894c53c0c9c8cf8", kill_on_drop: false }`
[INFO] [stdout] bb6f43b743442479d5c5f055813ff8c580e43b6a47b4462e1894c53c0c9c8cf8
[INFO] running `Command { std: "docker" "create" "-v" "/var/lib/crater-agent-workspace/builds/worker-12/target:/opt/rustwide/target:rw,Z" "-v" "/var/lib/crater-agent-workspace/builds/worker-12/source:/opt/rustwide/workdir:ro,Z" "-v" "/var/lib/crater-agent-workspace/cargo-home:/opt/rustwide/cargo-home:ro,Z" "-v" "/var/lib/crater-agent-workspace/rustup-home:/opt/rustwide/rustup-home:ro,Z" "-e" "SOURCE_DIR=/opt/rustwide/workdir" "-e" "CARGO_TARGET_DIR=/opt/rustwide/target" "-e" "CARGO_INCREMENTAL=0" "-e" "RUST_BACKTRACE=full" "-e" "RUSTFLAGS=--cap-lints=forbid" "-e" "CARGO_HOME=/opt/rustwide/cargo-home" "-e" "RUSTUP_HOME=/opt/rustwide/rustup-home" "-w" "/opt/rustwide/workdir" "-m" "1610612736" "--user" "0:0" "--network" "none" "rustops/crates-build-env@sha256:d92eaeed33fa75130ca1ee6c8a01d1ffb62bac859dfdfb3450e3e5d1c0146529" "/opt/rustwide/cargo-home/bin/cargo" "+af3c6e733a40e671550e0f0f5aeecaa13772ba56" "check" "--frozen" "--all" "--all-targets" "--message-format=json", kill_on_drop: false }`
[INFO] [stdout] bac5fd34e405e60fc02524bd3f88ca49eb36886183555eedef76ecb6e78ceb75
[INFO] [stderr] WARNING: Your kernel does not support swap limit capabilities or the cgroup is not mounted. Memory limited without swap.
[INFO] running `Command { std: "docker" "start" "-a" "bac5fd34e405e60fc02524bd3f88ca49eb36886183555eedef76ecb6e78ceb75", kill_on_drop: false }`
[INFO] [stderr]     Checking libc v0.2.42
[INFO] [stderr]    Compiling core-foundation-sys v0.6.1 (https://github.com/servo/core-foundation-rs#8b090bb8)
[INFO] [stderr]     Checking ucd-util v0.1.1
[INFO] [stderr]     Checking lazy_static v1.0.2
[INFO] [stderr]     Checking foreign-types-shared v0.1.1
[INFO] [stderr]    Compiling regex v1.0.2
[INFO] [stderr]     Checking quick-error v1.2.2
[INFO] [stderr]     Checking cfg-if v0.1.4
[INFO] [stderr]     Checking bitflags v1.0.3
[INFO] [stderr]     Checking termcolor v1.0.1
[INFO] [stderr]     Checking block v0.1.6
[INFO] [stderr]     Checking log v0.4.3
[INFO] [stderr]     Checking foreign-types v0.3.2
[INFO] [stderr]     Checking thread_local v0.3.5
[INFO] [stderr]     Checking humantime v1.1.1
[INFO] [stderr]     Checking regex-syntax v0.6.2
[INFO] [stderr]     Checking memchr v2.0.1
[INFO] [stderr]     Checking core-foundation v0.6.1 (https://github.com/servo/core-foundation-rs#8b090bb8)
[INFO] [stderr]     Checking malloc_buf v0.0.6
[INFO] [stderr]     Checking atty v0.2.11
[INFO] [stderr]     Checking objc v0.2.5
[INFO] [stderr]     Checking aho-corasick v0.6.6
[INFO] [stderr]     Checking core-graphics v0.17.0 (https://github.com/servo/core-foundation-rs#8b090bb8)
[INFO] [stdout] error[E0455]: native frameworks are only available on macOS targets
[INFO] [stdout]   --> /opt/rustwide/cargo-home/git/checkouts/core-foundation-rs-0be28639533e3a9f/8b090bb/core-graphics/src/color_space.rs:54:1
[INFO] [stdout]    |
[INFO] [stdout] 54 | #[link(name = "CoreGraphics", kind = "framework")]
[INFO] [stdout]    | ^^^^^^^^^^^^^^^^^^^^^^^^^^^^^^^^^^^^^^^^^^^^^^^^^^
[INFO] [stdout] 
[INFO] [stdout] 
[INFO] [stdout] error[E0455]: native frameworks are only available on macOS targets
[INFO] [stdout]    --> /opt/rustwide/cargo-home/git/checkouts/core-foundation-rs-0be28639533e3a9f/8b090bb/core-graphics/src/context.rs:251:1
[INFO] [stdout]     |
[INFO] [stdout] 251 | #[link(name = "CoreGraphics", kind = "framework")]
[INFO] [stdout]     | ^^^^^^^^^^^^^^^^^^^^^^^^^^^^^^^^^^^^^^^^^^^^^^^^^^
[INFO] [stdout] 
[INFO] [stdout] 
[INFO] [stdout] error[E0455]: native frameworks are only available on macOS targets
[INFO] [stdout]   --> /opt/rustwide/cargo-home/git/checkouts/core-foundation-rs-0be28639533e3a9f/8b090bb/core-graphics/src/data_provider.rs:84:1
[INFO] [stdout]    |
[INFO] [stdout] 84 | #[link(name = "CoreGraphics", kind = "framework")]
[INFO] [stdout]    | ^^^^^^^^^^^^^^^^^^^^^^^^^^^^^^^^^^^^^^^^^^^^^^^^^^
[INFO] [stdout] 
[INFO] [stdout] 
[INFO] [stdout] error[E0455]: native frameworks are only available on macOS targets
[INFO] [stdout]    --> /opt/rustwide/cargo-home/git/checkouts/core-foundation-rs-0be28639533e3a9f/8b090bb/core-graphics/src/font.rs:128:1
[INFO] [stdout]     |
[INFO] [stdout] 128 | #[link(name = "CoreGraphics", kind = "framework")]
[INFO] [stdout]     | ^^^^^^^^^^^^^^^^^^^^^^^^^^^^^^^^^^^^^^^^^^^^^^^^^^
[INFO] [stdout] 
[INFO] [stdout] 
[INFO] [stdout] error[E0455]: native frameworks are only available on macOS targets
[INFO] [stdout]    --> /opt/rustwide/cargo-home/git/checkouts/core-foundation-rs-0be28639533e3a9f/8b090bb/core-graphics/src/geometry.rs:189:5
[INFO] [stdout]     |
[INFO] [stdout] 189 |     #[link(name = "CoreGraphics", kind = "framework")]
[INFO] [stdout]     |     ^^^^^^^^^^^^^^^^^^^^^^^^^^^^^^^^^^^^^^^^^^^^^^^^^^
[INFO] [stdout] 
[INFO] [stdout] 
[INFO] [stdout] error[E0455]: native frameworks are only available on macOS targets
[INFO] [stdout]    --> /opt/rustwide/cargo-home/git/checkouts/core-foundation-rs-0be28639533e3a9f/8b090bb/core-graphics/src/image.rs:126:1
[INFO] [stdout]     |
[INFO] [stdout] 126 | #[link(name = "CoreGraphics", kind = "framework")]
[INFO] [stdout]     | ^^^^^^^^^^^^^^^^^^^^^^^^^^^^^^^^^^^^^^^^^^^^^^^^^^
[INFO] [stdout] 
[INFO] [stdout] 
[INFO] [stdout] error[E0455]: native frameworks are only available on macOS targets
[INFO] [stdout]    --> /opt/rustwide/cargo-home/git/checkouts/core-foundation-rs-0be28639533e3a9f/8b090bb/core-graphics/src/path.rs:124:1
[INFO] [stdout]     |
[INFO] [stdout] 124 | #[link(name = "CoreGraphics", kind = "framework")]
[INFO] [stdout]     | ^^^^^^^^^^^^^^^^^^^^^^^^^^^^^^^^^^^^^^^^^^^^^^^^^^
[INFO] [stdout] 
[INFO] [stdout] 
[INFO] [stdout] error: aborting due to 7 previous errors
[INFO] [stdout] 
[INFO] [stdout] 
[INFO] [stdout] For more information about this error, try `rustc --explain E0455`.
[INFO] [stdout] 
[INFO] [stderr] error: could not compile `core-graphics`.
[INFO] [stderr] 
[INFO] [stderr] To learn more, run the command again with --verbose.
[INFO] [stderr] warning: build failed, waiting for other jobs to finish...
[INFO] [stderr] error: build failed
[INFO] running `Command { std: "docker" "inspect" "bac5fd34e405e60fc02524bd3f88ca49eb36886183555eedef76ecb6e78ceb75", kill_on_drop: false }`
[INFO] running `Command { std: "docker" "rm" "-f" "bac5fd34e405e60fc02524bd3f88ca49eb36886183555eedef76ecb6e78ceb75", kill_on_drop: false }`
[INFO] [stdout] bac5fd34e405e60fc02524bd3f88ca49eb36886183555eedef76ecb6e78ceb75
